h a composite number?
True
Suppose -2*r + 5*v = 5 + 20, -5*v + 70 = -5*r. Let n = 16 + r. Is 4 + (n + 61)*9 a prime number?
False
Suppose 0 = x - 94 + 32. Is ((-104)/(-16))/(1/x) a prime number?
False
Let q = -115 + 172. Suppose 0 = -3*z + 4*d + 345, 2*d + q = -z + 162. Is z a composite number?
True
Suppose -25 = 5*v, 9*v - 5*v = -2*n - 4182. Let k = -1402 - n. Is k a prime number?
False
Let o be -1*(-3 - -7 - 1910). Is (-6)/(-4)*-2 + o a composite number?
True
Let a(w) = -2*w**2 - 14*w - 7. Let v be a(-6). Suppose -v*f = -8*f. Suppose 4*m - 5*m - 2*n + 159 = f, -n = -1. Is m prime?
True
Let u(g) = 40*g - 6. Suppose 2*i = l + 8, -5*i + 3*l + 22 - 1 = 0. Let h be u(i). Is 1/(0 + 2/h) a composite number?
True
Suppose 3*z - 9363 = 3198. Is z prime?
False
Let t(y) = -2*y**3 + y**2 + 27*y + 35. Is t(-24) a composite number?
False
Let s(v) = -1118*v - 191. Is s(-5) composite?
False
Let i(o) = 3 + 187*o - 4 - 70*o + 2. Suppose 13 = -2*b + 3*c, -5*c + 16 = -4*b - c. Is i(b) prime?
False
Suppose 3*p = -3*h + 12240, 16323 = 15*h - 11*h + 3*p. Is h prime?
False
Suppose -735732 = 31*w - 67*w. Is w prime?
False
Suppose 21 = -0*u + 7*u. Suppose 2*i - 1585 = -u*i. Is i composite?
False
Suppose -2 - 2 = 2*x, 0 = -3*q - 3*x + 78. Suppose -27*y - 211 = -q*y. Is y a composite number?
False
Let t(z) = 2*z**3 - 59*z**2 - 26*z - 23. Let j be t(30). Suppose 0 = 3*y + 2*y. Suppose y = -2*o - o + n + j, 3*o - 77 = 5*n. Is o a composite number?
True
Is 2/(-14) + -6*83344/(-84) prime?
True
Let s(a) = -2*a - 18. Let x be s(-10). Is (-2 - 1353/x)/(3/(-6)) prime?
False
Suppose -4*f + j = -16, 3*f + j + j = 12. Suppose 0 = 5*d - f*p + 3*p - 2219, 12 = -3*p. Is d a prime number?
True
Let h be (4/5)/(6/(-1260)). Let s = 247 + h. Is s a prime number?
True
Let t(b) be the third derivative of -65*b**4/24 - 3*b**3 - 34*b**2. Is t(-5) prime?
True
Suppose 5*t - 27036 = -2*m, m = 10*t - 6*t + 13505. Is m prime?
True
Let w(n) be the first derivative of 17*n**3/3 - 17*n**2/2 - 25*n + 1. Let o(g) = -8*g**2 + 8*g + 12. Let r(v) = -7*o(v) - 3*w(v). Is r(-6) a prime number?
False
Let y(z) = -z**3 + 3*z**2 + 4*z - 1. Let k be y(5). Let c = k + 111. Suppose -4*x + 3*x = o - 10, 5*o - x = c. Is o composite?
True
Let k(y) = y**3 - 17*y**2 - 31*y - 22. Is k(19) a composite number?
True
Let f(i) be the first derivative of -447*i**2/2 + 2*i - 25. Is f(-5) a composite number?
False
Let y be (-160 - -16)*(2/4)/1. Let c = y - -123. Is c composite?
True
Let i be (218892/(-203))/((-2)/(-21)). Let p = -5125 - i. Is p composite?
False
Suppose 7 = -4*y - 3*j, 4*j = y + 4*y - 30. Let r = -40 - -44. Suppose -u = -y*u - o + 251, 3*o + 1004 = r*u. Is u composite?
False
Let q(d) = d**2 + 10*d - 15. Let s be q(-11). Let j = s + 1. Is 139 + 0 - (j - -1) composite?
True
Let f = -659 + 1469. Suppose f - 302 = 4*v. Is v a prime number?
True
Let s(k) = -3*k - 4. Let g be s(-2). Suppose 8 = -0*l + g*l. Suppose -2*c = l + 6, 4*i = 5*c + 77. Is i composite?
False
Let z be 84526/14 + 17/7 + -3. Suppose -3*c + z - 1504 = 0. Is c composite?
False
Is 4/3*(-12918)/(-8) prime?
True
Suppose -5*h - 13503 = y - 35883, 2*h + 10 = 0. Is y a composite number?
True
Let t be 1/(-9) - 256328/(-72). Suppose 3*f = i - 716, -5*i - 6*f + t = -f. Is i a composite number?
True
Let v be -18 + 15 - (-6)/2. Is -3017*(-5 + (4 - v)) composite?
True
Let z = -27 - -41. Suppose 5*a = z + 1. Suppose 0*n = 2*y + 5*n + 8, -a*y - 3*n = -6. Is y prime?
False
Suppose -20 - 28 = -4*p. Suppose 0 = -p*n + 9*n + 789. Is n a composite number?
False
Suppose -5*b = 5, 0*n + 262 = -n - b. Let w = n - -373. Let j = 7 + w. Is j composite?
True
Suppose -4*t = b - 5906, 3*t + b - 4485 + 55 = 0. Let k = -835 + t. Is k a prime number?
True
Let t = 911 - 603. Suppose f - 9 = t. Is f a composite number?
False
Suppose -4*o + 18 - 2 = 0. Suppose -285 = -o*b - 913. Let w = 374 + b. Is w a composite number?
True
Let c(a) = 5406*a**2 - 4*a - 7. Is c(-1) a composite number?
True
Let t = 5 - 11. Is (0 + 3/(-2))*8404/t composite?
True
Let y(a) = -1634*a**3 + a**2 - 2. Suppose -5*l - 11 = 6*l. Is y(l) a composite number?
True
Suppose -21*o + 153491 + 114112 = 0. Is o a prime number?
True
Let f(r) = -2*r**2 + 3*r - 1. Let k be f(2). Let l be (-15)/(-4) - k/(-4). Suppose 288 = -l*d + 1209. Is d a composite number?
False
Suppose 47 = -i + 49. Suppose 4*y - 1893 = 3*y - 4*t, 0 = -y + i*t + 1905. Is y composite?
False
Suppose 29*s = 34*s - 47635. Is s a composite number?
True
Suppose -5*d + 2*s + 15 = -3*s, 9 = -d - 3*s. Suppose d = 3*m - 15, -6*j - 143 = -8*j - 5*m. Is j a composite number?
False
Suppose 0*t + 2388 = 4*t. Suppose -t = 5*m - 8*m. Suppose 5*d - 246 - m = 0. Is d a composite number?
False
Let g(v) = 9*v**2 + 11*v - 17. Suppose -3*p + 4 = -2*p - 4*x, -3*p + 3*x + 21 = 0. Is g(p) prime?
True
Suppose 0*d = d. Let a be 1 - (d - 3)/3. Suppose 3*w = -5*v + 1194, 0 = v - 0*w - a*w - 231. Is v a prime number?
False
Let f be 2 - 4/(2 - 3). Suppose -f = 5*k - 16. Suppose 4*w + k*t = 46, -t = 3*w - 27 - 10. Is w a composite number?
True
Suppose 3*z - 486 - 867 = 0. Is z a prime number?
False
Let o be (-4)/(4 + 14/(-3)). Is (-191)/(3 - 20/o) composite?
True
Let j(x) = 54*x**3 + 7*x**2 - 48*x + 3. Is j(4) a composite number?
True
Let v = 2392 + -1026. Is v composite?
True
Suppose 12 = 2*v + 2*v, -n + 4598 = 3*v. Is n composite?
True
Let i be (-4)/(-6) + -1 - 10/(-3). Is 23/(i*(-5)/(-705)) composite?
True
Suppose 12*h + 110941 = 500833. Is h a composite number?
False
Let z(f) = f**3 + 4*f**2 + 7*f - 7. Suppose -2*y - 3*u = -6*y + 6, 4*u = 3*y - 1. Let m be y/(8/(-20) - -1). Is z(m) composite?
True
Let j(s) = s**3 + s**2 - 2*s - 20. Let a be j(0). Is (-3136)/a + 1/5 a composite number?
False
Let s = 8 + -6. Let j be (-2)/(-4)*(s + -1792). Is 1/(-2) - j/10 prime?
True
Let w be ((-1)/2)/((-35)/30 - -1). Is w*(-1)/4 + 35902/8 a composite number?
True
Suppose -1279273 = -19*z - 350040. Is z composite?
False
Suppose -2876 - 1300 = 2*i. Suppose -3*f + j - 4486 = f, 3*f = 2*j - 3367. Let z = f - i. Is z a prime number?
True
Let o(a) = a**3 + a**2. Let d(n) = -2*n**3 - 22*n**2 + 9*n + 25. Let w(u) = -d(u) - o(u). Is w(-18) a prime number?
True
Let x be ((-2)/(-4))/(3/36). Suppose -x*h + 5*h + 1801 = 0. Is h a composite number?
False
Is 2/((18/(-9797))/(-9)) a composite number?
True
Let h = -2066 - -2903. Let x = h + -430. Is x a composite number?
True
Suppose 0 = -2*n - 5*n - 1225. Let p = 382 - n. Is p a composite number?
False
Let j = -827 + 1294. Is j a prime number?
True
Let p be (2/(-6))/((-8)/168). Let o be (p/(-2) + 0)*-84. Let a = o + -77. Is a composite?
True
Let x = 2686 + -4048. Let h = -549 - x. Is h prime?
False
Let w(i) = -2*i + 9. Let b be w(-8). Suppose 0*n - b = -n. Is n prime?
False
Suppose -2*x = 3*x - 3*j - 220, 3*j = 0. Suppose 73*y - 1845 = 68*y. Let o = y + x. Is o a prime number?
False
Let i(f) = -9*f**3 - 3*f**2 + 16*f + 44. Is i(-9) prime?
False
Let n(l) = l**2 - 31*l - 72. Let p be n(33). Is (346 - -1)*p/(-3) prime?
False
Let c(v) = -398*v + 37. Is c(-5) a prime number?
True
Suppose h - 4968 = -5*t, -3*t - 7*h = -12*h - 2964. Is t prime?
False
Let n(b) = 409*b - 34. Suppose 0*h - 3*l = 4*h - 21, -5*h + 4*l + 65 = 0. Is n(h) a prime number?
False
Let d(o) be the first derivative of 4*o**3/3 - 3*o**2/2 - 11*o + 6. Is d(5) a composite number?
True
Let d = -16824 - -32929. Is d a composite number?
True
Suppose 2*q - 5*j + 40 = 4*q, -3*j = 2*q - 32. Let m = 10 - q. Suppose -d + 3*w + 206 = 0, -5*w + m*w = 20. Is d prime?
False
Suppose 5*v + 95 = 3*u, 7 + 9 = -4*v. Suppose -4*i = i - u. Suppose -3*s + 0*p + 1001 = p, i = -5*p. Is s prime?
False
Let v(q) = q**3 - 4*q**2 + 5*q - 4. Let l be v(3). Let g(h) = 6*h**2 - h - 3. Let t(b) = -13*b**2 + 2*b + 7. Let f(z) = 5*g(z) + 2*t(z). Is f(l) composite?
False
Let m = 7640 - -10919. Is m composite?
True
Let o(r) = 2*r**2 - r - 13. Let l(p) be the first derivative of -2*p**2 - 6*p + 1. Let h be l(-3). Is o(h) a composite number?
False
Suppose -2*c + 2208 + 11138 = 0. Is c a composite number?
False
Suppose -139*b - 2*a = -137*b - 80054, -3*b = a - 120081. Is b composite?
True
Suppose 31*t - 175551 = 139378. Is t a composite number?
False
Let o be -3 - -1 - (4 + -9). Suppose u - 3*n - 42 = 0, n - 41 = -o*u + 55. Is u prime